ivided by 140?
17
What is the remainder when 75800 is divided by 356?
328
Calculate the remainder when 3264 is divided by 136.
0
What is the remainder when 57335 is divided by 1400?
1335
What is the remainder when 27122 is divided by 164?
62
Calculate the remainder when 320980 is divided by 877.
875
What is the remainder when 5571 is divided by 312?
267
Calculate the remainder when 25509 is divided by 8499.
12
Calculate the remainder when 413506 is divided by 34.
32
What is the remainder when 200256 is divided by 44?
12
What is the remainder when 68692 is divided by 55?
52
Calculate the remainder when 1205999 is divided by 225.
224
What is the remainder when 15004 is divided by 123?
121
What is the remainder when 7426 is divided by 3669?
88
What is the remainder when 8843 is divided by 1777?
1735
Calculate the remainder when 81504 is divided by 287.
283
Calculate the remainder when 65626 is divided by 2980.
66
What is the remainder when 2733 is divided by 137?
130
Calculate the remainder when 6140 is divided by 1220.
40
What is the remainder when 1986 is divided by 38?
10
What is the remainder when 1438 is divided by 143?
8
Calculate the remainder when 398771 is divided by 199385.
1
What is the remainder when 58533 is divided by 47?
18
Calculate the remainder when 3616508 is divided by 384.
380
Calculate the remainder when 3080 is divided by 526.
450
Calculate the remainder when 25349 is divided by 30.
29
What is the remainder when 12339 is divided by 45?
9
Calculate the remainder when 36842 is divided by 5262.
8
What is the remainder when 6538 is divided by 30?
28
Calculate the remainder when 1291 is divided by 356.
223
Calculate the remainder when 4495 is divided by 2247.
1
Calculate the remainder when 1732610 is divided by 26.
22
What is the remainder when 13854 is divided by 234?
48
What is the remainder when 1819 is divided by 449?
23
What is the remainder when 10894 is divided by 8?
6
Calculate the remainder when 1122 is divided by 30.
12
What is the remainder when 13028 is divided by 4331?
35
Calculate the remainder when 1021607 is divided by 137.
135
Calculate the remainder when 8622 is divided by 856.
62
What is the remainder when 2379 is divided by 788?
15
Calculate the remainder when 429460 is divided by 156.
148
What is the remainder when 21018 is divided by 20991?
27
Calculate the remainder when 3544 is divided by 235.
19
Calculate the remainder when 3512 is divided by 1097.
221
Calculate the remainder when 4876 is divided by 1217.
8
What is the remainder when 558 is divided by 438?
120
Calculate the remainder when 90691 is divided by 1680.
1651
What is the remainder when 157862 is divided by 340?
102
What is the remainder when 12542 is divided by 128?
126
Calculate the remainder when 219605 is divided by 395.
380
What is the remainder when 1811 is divided by 62?
13
What is the remainder when 3553 is divided by 1049?
406
Calculate the remainder when 17394 is divided by 3476.
14
What is the remainder when 3054 is divided by 102?
96
What is the remainder when 859 is divided by 198?
67
Calculate the remainder when 34862 is divided by 78.
74
Calculate the remainder when 11058 is divided by 160.
18
What is the remainder when 105159 is divided by 35047?
18
Calculate the remainder when 2835 is divided by 84.
63
Calculate the remainder when 21068 is divided by 48.
44
Calculate the remainder when 24921 is divided by 242.
237
What is the remainder when 31454 is divided by 61?
39
What is the remainder when 4796 is divided by 2393?
10
What is the remainder when 11291 is divided by 365?
341
Calculate the remainder when 4341 is divided by 2166.
9
Calculate the remainder when 141762 is divided by 141743.
19
Calculate the remainder when 162896 is divided by 20.
16
Calculate the remainder when 181623 is divided by 25946.
1
Calculate the remainder when 215130 is divided by 511.
510
Calculate the remainder when 217475 is divided by 134.
127
Calculate the remainder when 497017 is divided by 58.
15
What is the remainder when 1984 is divided by 473?
92
What is the remainder when 5596 is divided by 268?
236
Calculate the remainder when 95853 is divided by 38.
17
What is the remainder when 38172 is divided by 6349?
78
What is the remainder when 448624 is divided by 187?
11
Calculate the remainder when 452646 is divided by 472.
470
Calculate the remainder when 12500 is divided by 576.
404
What is the remainder when 240598 is divided by 39?
7
What is the remainder when 30353 is divided by 3372?
5
Calculate the remainder when 4596 is divided by 1112.
148
Calculate the remainder when 7645541 is divided by 747.
743
Calculate the remainder when 2293401 is divided by 34.
33
What is the remainder when 421687 is divided by 57?
1
What is the remainder when 135286 is divided by 33819?
10
What is the remainder when 225468 is divided by 37575?
18
What is the remainder when 2965479 is divided by 78?
75
Calculate the remainder when 109 is divided by 90.
19
Calculate the remainder when 4159 is divided by 131.
98
What is the remainder when 23547 is divided by 29?
28
What is the remainder when 13752 is divided by 181?
177
What is the remainder when 2967548 is divided by 256?
252
Calculate the remainder when 2133 is divided by 803.
527
What is the remainder when 1504 is divided by 390?
334
What is the remainder when 29592 is divided by 46?
14
What is the remainder when 622 is divided by 98?
34
What is the remainder when 17317 is divided by 57?
46
Calculate the remainder when 408 is divided by 154.
100
Calculate the remainder when 3192 is divided by 21.
0
Calculate the remainder when 4229204 is divided by 31.
29
Calculate the remainder when 55502 is divided by 391.
371
Calculate the remainder when 3520 is divided by 582.
28
What is the remainder when 221923 is divided by 55480?
3
Calculate the remainder when 55989 is divided by 112.
101
What is the remainder when 3985 is divided by 1970?
45
Calculate the remainder when 71698 is divided by 844.
802
Calculate the remainder when 22374 is divided by 260.
14
Calculate the remainder when 222190 is divided by 1277.
1269
What is the remainder when 32186 is divided by 365?
66
What is the remainder when 374995 is divided by 1019?
3
Calculate the remainder when 718 is divided by 7.
4
What is the remainder when 2520 is divided by 550?
320
Calculate the remainder when 203055 is divided by 781.
776
Calculate the remainder when 27961 is divided by 1874.
1725
What is the remainder when 2318 is divided by 741?
95
Calculate the remainder when 6243 is divided by 47.
39
Calculate the remainder when 5280 is divided by 264.
0
What is the remainder when 1971 is divided by 625?
96
What is the remainder when 1340957 is divided by 289?
286
What is the remainder when 16153 is divided by 39?
7
Calculate the remainder when 93951 is divided by 425.
26
Calculate the remainder when 402 is divided by 377.
25
What is the remainder when 64058 is divided by 943?
877
Calculate the remainder when 40921 is divided by 13613.
82
Calculate the remainder when 669 is divided by 116.
89
What is the remainder when 4672 is divided by 16?
0
Calculate the remainder when 9924 is divided by 109.
5
What is the remainder when 1865 is divided by 680?
505
Calculate the remainder when 1513725 is divided by 876.
873
Calculate the remainder when 2152 is divided by 1051.
50
What is the remainder when 91255 is divided by 206?
203
What is the remainder when 458 is divided by 374?
84
What is the remainder when 1667 is divided by 338?
315
What is the remainder when 22158 is divided by 22102?
56
Calculate the remainder when 7718 is divided by 241.
6
Calculate the remainder when 64513 is divided by 51.
49
What is the remainder when 80109 is divided by 33?
18
Calculate the remainder when 7245 is divided by 3621.
3
What is the remainder when 30854 is divided by 77?
54
What is the remainder when 7999 is divided by 150?
49
Calculate the remainder when 14284 is divided by 4622.
418
Calculate the remainder when 110554 is divided by 144.
106
Calculate the remainder when 3978 is divided by 177.
84
What is the remainder when 390233 is divided by 17?
15
What is the remainder when 35876 is divided by 40?
36
Calculate the remainder when 14430 is divided by 2033.
199
Calculate the remainder when